hundreds digit of i?
2
Let c = 7282 - 5041. Suppose 3*j - c = -5*q + 736, -4*j + 2*q + 4004 = 0. What is the units digit of j?
9
Let d = 74 - 330. Let p = d + 416. What is the hundreds digit of p?
1
Let t = -7065 + 20417. What is the ten thousands digit of t?
1
Let a = -120 + 121. Let r = 60 - a. Suppose 0 = 6*g - r - 433. What is the units digit of g?
2
Let k be (0/1 - 1)*504/(-24). What is the hundreds digit of -5 + 474*7/k?
1
Let l(i) = 36409*i**3 + 5*i**2 + 16*i - 21. What is the tens digit of l(1)?
0
Suppose 12*r - 20*r + 1376 = 0. Suppose 4*d = 3*y + 451, -5*y - r = -5*d + 398. Suppose -6*h = 5*q - 4*h - d, q = -4*h + 11. What is the tens digit of q?
2
Let y = 9764 - 408. What is the units digit of y?
6
Let h be (-2 - 13)/(18/84*(-42)/180). Suppose 0*v = -2*v - 280. Let u = h + v. What is the units digit of u?
0
Let h be 2286/6 + 10/2. Suppose -h*q + 6504 = -382*q. What is the hundreds digit of q?
6
Let k(t) = -11*t + 1233 - 1201 - 11*t + 2*t**2. Let o = 14 - -1. What is the hundreds digit of k(o)?
1
Suppose 3*q = -3*b + 36, -2*b + 8 = b - 4*q. Suppose b*p - 400 = 112. What is the units digit of p?
4
Suppose -6*c = -15*c - 9*c + 43830. What is the tens digit of c?
3
Let m = 17685 - 15451. What is the units digit of m?
4
Let x be (-6)/(-6)*-2 + 12. Suppose -x*k - 16*k = -12038. What is the hundreds digit of k?
4
Let w(r) = 25*r**3 + 26*r**2 - 56*r - 27. What is the thousands digit of w(8)?
3
Let s(p) = -p + 4. Let n be s(5). Let t be 1 - -156 - (2 - n). Suppose 0*k + t = 2*k. What is the units digit of k?
7
Let k = 2332 + -187. What is the thousands digit of k?
2
Let p = 154 - 150. Suppose -p*g = 4*k - 900, g = 5*g - 16. What is the units digit of k?
1
What is the hundreds digit of (-1)/(2360275/1180147 - 2)?
1
Let s be -3*(-3)/18*(-3 - -9). Suppose 2*q - 168 = 2*x, -s*q + 2*x + 0*x = -249. What is the units digit of q?
1
Let p be (-3)/(10/((-45240)/9)). Let s = -1038 + p. What is the units digit of s?
0
Suppose 0 = -3*u + 2219 - 386. Let o = u - 328. What is the hundreds digit of o?
2
Let m(k) = 34 - 12 + 14 - 19*k. Let c be m(11). Let t = 34 - c. What is the units digit of t?
7
Suppose 416*t - 423*t = -791. Let a = t - 7. What is the hundreds digit of a?
1
What is the hundreds digit of (6/126)/((-2 - -10)/(-48))*-122983?
1
Let k(r) = -37*r**3 - r**2 - 103*r + 102. What is the ten thousands digit of k(-8)?
1
Let a be -4 - (12606/27 + 7/63). Let j = a + 894. What is the units digit of j?
3
Suppose 14766*o - 14717*o - 2120818 = 0. What is the ten thousands digit of o?
4
Suppose -9*b + 3021 + 1906 = -5117. What is the tens digit of b?
1
Let v be 3/3*(16 - 572). Let d = -82 - v. What is the hundreds digit of d?
4
Suppose 4*q = -4*z - 448, 82 = -z - 2*q - 34. Let x = z - -449. What is the units digit of x?
1
Suppose -390*y - 389*y = -788*y + 543483. What is the hundreds digit of y?
3
Let c(m) = m**2 - 4*m + 18. Let l = -164 + 255. Suppose 5*u + 31 = l. What is the tens digit of c(u)?
1
Suppose -16*i + 14*i + 60 = 0. Suppose 0 = i*h - 28*h - 238. What is the units digit of h?
9
Let n(x) = 13*x - 21. Let k be n(2). Suppose -4*s = k*t + 9, -8*s - 4*t = -3*s. Suppose 2*o - s*q + 6*q = 474, -o = 4*q - 246. What is the hundreds digit of o?
2
Let n = -34 - -34. Suppose 7*f - 13*f - 240 = n. Let o = -14 - f. What is the tens digit of o?
2
Let s be (-1)/((-1)/1)*(-15)/(-5). What is the tens digit of 1338/30 + (s - (-13)/(-5))?
4
Let z = 11766 + -10069. What is the thousands digit of z?
1
Suppose -18*p + 2*d + 7218 = -14*p, 0 = p + 5*d - 1821. What is the tens digit of p?
0
Suppose 40*f - 5284 + 1364 = 0. Suppose -f*y + 76*y + 14652 = 0. What is the units digit of y?
6
Suppose 0 = 369*j - 371*j + 41366. What is the units digit of j?
3
Let u(a) = a**3 + 21*a**2 - 46*a + 14. Let s be u(-23). Let i(b) = 11*b**2 + 39 + b**3 - s - 3*b + 15*b**2. What is the tens digit of i(-26)?
0
Let r be (6/4)/(14/(-4) - -5). Let b be 4 + (184 - 3 - r). Suppose -6*k + 10*k = b. What is the tens digit of k?
4
Let u(q) = q**3 + 3*q**2 - q - 4. Let z be u(-2). Suppose 5*p - 1169 = 2*o - 5*o, 5*o - 460 = -z*p. What is the tens digit of p?
3
Let l(x) = -x**2 - 8*x + 48. Let g be l(-12). Suppose 822 = 2*q + 2*o, -5*q + 4*o = -g*o - 2028. What is the units digit of q?
8
Suppose 42*f = 6*f + 180. Suppose -5*d + 1322 = 3*n, -f*d + 1181 + 125 = -n. What is the units digit of d?
2
Let a(r) = 2093*r + 31. What is the units digit of a(4)?
3
Let x be 15/4*20/15. Suppose -2 = o - x, 213 = -4*m - o. Let u = 71 - m. What is the hundreds digit of u?
1
Let g(w) = w**3 + 18*w**2 + 9*w - 19. Let a(c) = -c**2 - 2*c + 28. Let v be a(-7). What is the hundreds digit of g(v)?
4
Let i = 77720 - 23397. What is the units digit of i?
3
Let q = 33509 + -15436. What is the units digit of q?
3
Suppose -f + 71489 = 3*a, 2*f - 46972 = 3*a + 95997. What is the units digit of f?
6
Let h = 75 + -87. What is the tens digit of ((-57)/h + -3)/((-5)/(-520))?
8
Suppose 97*a = 2098636 + 349256. What is the tens digit of a?
3
Let y(f) be the second derivative of 65*f**4/6 - f**3/3 + 27*f**2/2 - 19*f + 3. What is the tens digit of y(3)?
9
Let z(x) = -311*x + 32. Let h(m) = -3*m - 1. Let v(a) = 4*h(a) - z(a). What is the hundreds digit of v(2)?
5
Let c be (2/4)/(4/(-8))*0. Suppose -5*f + 1163 = 4*w - 4667, 4*w = c. What is the units digit of f?
6
Suppose -f + 8 = -4*r - 4, 3*r = -9. Suppose 10 + 21 = 5*o + 4*g, f = 3*o - 4*g + 7. What is the units digit of o - (-23)/1 - -2?
8
Suppose -147941 = -5*q - m, 5*q - 2*m = 44953 + 103000. What is the units digit of q?
9
Suppose -16*d + 118 - 6 = 0. Suppose 2*h + d - 69 = -4*p, -p + 3*h - 2 = 0. What is the tens digit of ((-66)/(-55) + (-1)/5)*p?
1
Let b be ((-10)/(-1))/((-12)/30*1). Let k = b - -123. What is the tens digit of k?
9
Suppose z - h + 5 = -0*h, -3*z - 3*h = -15. Let p(c) = 4*c**2 + 2 - c + 567*c**3 - 5*c**2 - 282*c**3 - 284*c**3. What is the units digit of p(z)?
2
Let n be (2 - 20776/(-48)) + 2/12. Let r = 939 - n. What is the units digit of r?
4
Suppose 10*g + 86 = 26. What is the tens digit of (-1128 - 4)/(6/g)?
3
Suppose -6*c = -2*u - 73456, 0 = 2*c - 33*u + 29*u - 24482. What is the ten thousands digit of c?
1
Suppose 0 = -24*w + 407*w - 15028537. What is the tens digit of w?
3
Suppose -2 = q, -110 = 2*o - 5*q + 1040. Let m = 1122 + o. What is the tens digit of m?
4
Let q(t) = t**3 + 14*t**2 + 14*t + 4. Let g be q(-8). Suppose -3*m + g = -m. Suppose 5*y - 5*u - m = 52, 4*y - 3*u - 153 = 0. What is the units digit of y?
9
What is the units digit of -14 + (1 - 12336)*-4?
6
Suppose -11*z + 3*z + 162 - 146 = 0. Suppose 0 = 5*c + 20, h + 4*h - c = -301. Let a = z - h. What is the tens digit of a?
6
Suppose 0 = k - 3*p + 226, 4*p + 915 = -4*k + 5*p. Let t(m) = 64*m + 371. Let a be t(-7). Let v = a - k. What is the hundreds digit of v?
1
Let y = -730 - -11884. Suppose -10*f = -4*f - y. What is the tens digit of f?
5
Let d(u) = -12*u + 55. Let f be (-3 - 0) + (-3 - (1 - -2)). What is the units digit of d(f)?
3
Let l(d) = -29*d**3 + 12*d**2 - 9*d - 237. What is the thousands digit of l(-11)?
9
Let b(n) = -3*n - 16. Let z be b(-7). Suppose -4*q + z*i - 5 = -2*q, -5*q = 4*i - 4. What is the units digit of 5*(q - 3 - -22)?
5
Suppose -46426 = -3*t - 4*n + 26086, -3*n = 3*t - 72516. Suppose -30*y + 14*y + t = 0. What is the units digit of y?
1
Let x(b) = -b**3 - 11*b**2 + 3*b + 16. Let t be x(-11). Let v be 2/(-2) + (-85)/t. Let l(c) = 16*c + 6. What is the tens digit of l(v)?
7
Suppose 8*c = 13*c - 170. Suppose 32*h + 206 = c*h. What is the units digit of h?
3
Let x(t) = 16*t**2 - 318*t + 30. What is the units digit of x(23)?
0
Let y(t) = -t**3 + t**2 - 10*t + 17. Let l be y(-11). Suppose -3*s + l = -2216. What is the tens digit of s?
6
Let j be (26/(-6))/((-1)/(-3)). Let l = j - -23. Suppose l*s - 220 = 5*s. What is the units digit of s?
4
Suppose 9*c + c = 100100. Suppose -18*b + 7*b + c = 0. What is the hundreds digit of b?
9
Let d = -171 + 193. Suppose 3239 = d*q - 9697. What is the tens digit of q?
8
Let l = -14864 - -18738. What is the units digit of l?
4
Suppose -4*s + 15*r = 14*r - 121587, -r = 2*s - 60795. What is the tens digit of s?
9
Let h = 1439 - 686. Let v = -493 + h. What is the units digit of v?
0
Let u(f) = 6*f**3 - 3*f**2 - 5. Let p(l) = -l**3 - l**